{"id":70,"date":"2026-03-12T20:49:59","date_gmt":"2026-03-12T19:49:59","guid":{"rendered":"http:\/\/sevenans.org\/?page_id=70"},"modified":"2026-03-12T20:49:59","modified_gmt":"2026-03-12T19:49:59","slug":"compte-rendu","status":"publish","type":"page","link":"http:\/\/sevenans.org\/index.php\/compte-rendu\/","title":{"rendered":"Compte rendu"},"content":{"rendered":"\n<p class=\"has-luminous-vivid-orange-background-color has-background has-medium-font-size\"><strong>R\u00e9union du 02 mars 2026<\/strong> <\/p>\n\n\n\n<p><strong>Etaient pr\u00e9sents :<\/strong><\/p>\n\n\n\n<p>Jean-Luc MAZZOLENI, David GRANDVOINET, Christian MEYER, Jean-Marc MISENTA,<br> Andr\u00e9 GRISEY, Martine et Alain MONNIER, \u00c9tienne CHALAMET, Florian TOURNOUX, <br>R\u00e9gine et R\u00e9mi POINTURIER, Chantal BOUVET, Christian HUOT, Fran\u00e7oise DUBAIL,<br>Maryse LUDWIG, Julie GRANDVOINET, Laetitia BERNARD, C\u00e9cile COUTERET-NORMAND.<\/p>\n\n\n\n<p> <strong>Excus\u00e9e<\/strong> : <br> Agn\u00e8s HERB<\/p>\n\n\n\n<p><br><\/p>\n\n\n\n<p><strong>Ordre du jour :<\/strong><\/p>\n\n\n\n<p>Bilan du loto<br>Bilan de la foire aux livres<br>Marche gourmande 2026<br>Calendrier 2027<br>Divers<\/p>\n\n\n\n<p><\/p>\n\n\n\n<p><strong>1-Bilan du loto<\/strong><br>Bilan financier :<br>d\u00e9penses : 2 399.54 \u20ac<br>recettes : 4 998.50 \u20ac<br>b\u00e9n\u00e9fice : 2 598.96 \u20ac (2 632.80 \u20ac en 2025)<br>La qualit\u00e9 de la sono \u00e9tait nettement am\u00e9lior\u00e9e par rapport \u00e0 l\u2019an dernier. Toutefois, de nombreuses personnes se plaignaient de mal entendre. La salle \u00e9tait particuli\u00e8rement bruyante, avec un bruit de fond permanent.<br><br><strong>2-Bilan de la foire aux livres<\/strong><br>142 personnes se sont d\u00e9plac\u00e9es (- 60 personnes par rapport \u00e0 2025). Il a peut-\u00eatre manqu\u00e9 la parution d\u2019un article dans la presse le dimanche matin comme cela avait \u00e9t\u00e9 le cas l\u2019ann\u00e9e derni\u00e8re.<br>Le b\u00e9n\u00e9fice s\u2019\u00e9l\u00e8ve \u00e0 804.50 \u20ac (r\u00e9sultat des ventes, auquel s\u2019ajoutent quelques dons).<br>Le comit\u00e9 d\u00e9cide d\u2019arrondir la somme \u00e0 1 000 \u20ac et le ch\u00e8que sera remis \u00e0 l\u2019association de l\u2019orgue le samedi 28 mars \u00e0 11h \u00e0 l\u2019\u00e9glise de Bermont.<\/p>\n\n\n\n<p><strong>3-Marche gourmande 2026<\/strong><br>Une premi\u00e8re r\u00e9union du comit\u00e9 de pilotage aura lieu le 20 avril \u00e0 20h.<br>Nous sommes en attente des propositions de menu du traiteur qui a confirm\u00e9 le renouvellement de ses prestations.<br>Une r\u00e9flexion devra \u00eatre men\u00e9e quant aux moyens \u00e0 mettre en oeuvre pour assurer une communication plus efficace.<\/p>\n\n\n\n<p><strong>4-<\/strong> <strong>Calendrier 2027<\/strong><br>Loto le 16 janvier 2027<br>Foire aux livres les 20 et 21 f\u00e9vrier 2027<br>Soir\u00e9e champ\u00eatre ou repas dansant le 29 mai 2027 (date \u00e0 confirmer)<br>Marche gourmande le 19 septembre 2027<br>Octobre Rose le 16 octobre 2027<br>Soir\u00e9e Beaujolais le 18 novembre 2027<\/p>\n\n\n\n<p><strong>5-Divers<\/strong>:<br>Le contr\u00f4le des chapiteaux doit \u00eatre effectu\u00e9 tous les 2 ans donc il est \u00e0 pr\u00e9voir cette ann\u00e9e.<br>Le pr\u00e9sident \u00e9voque la n\u00e9cessit\u00e9 de refaire des T-shirts et des vestes sans manches suite \u00e0 l\u2019arriv\u00e9e des nouveaux membres du comit\u00e9. Maryse se charge de demander un devis au prestataire.<br>L\u2019assembl\u00e9e g\u00e9n\u00e9rale est pr\u00e9vue le vendredi 26 juin \u00e0 19h, suivie de la r\u00e9union ordinaire.<br>Une demande de subvention municipale sera renouvel\u00e9e cette ann\u00e9e.<\/p>\n\n\n\n<p><br><\/p>\n\n\n\n<p class=\"has-light-green-cyan-background-color has-background has-medium-font-size\"><strong>Prochaine r\u00e9union<\/strong>  :<br><br>                                    Lundi 04 mai \u00e0 20h<\/p>\n\n\n\n<ol start=\"4\"><\/ol>\n\n\n\n<ol start=\"4\"><\/ol>\n\n\n\n<ol start=\"4\"><\/ol>\n","protected":false},"excerpt":{"rendered":"<p>R\u00e9union du 02 mars 2026 Etaient pr\u00e9sents : Jean-Luc MAZZOLENI, David GRANDVOINET, Christian MEYER, Jean-Marc MISENTA, Andr\u00e9 GRISEY, Martine et Alain MONNIER, \u00c9tienne CHALAMET, Florian TOURNOUX, R\u00e9gine et R\u00e9mi POINTURIER, Chantal BOUVET, Christian HUOT, Fran\u00e7oise DUBAIL,Maryse LUDWIG, Julie GRANDVOINET, Laetitia BERNARD, C\u00e9cile COUTERET-NORMAND. Excus\u00e9e : Agn\u00e8s HERB Ordre du jour : Bilan du lotoBilan de &hellip; <\/p>\n<p class=\"link-more\"><a href=\"http:\/\/sevenans.org\/index.php\/compte-rendu\/\" class=\"more-link\">Continue reading<span class=\"screen-reader-text\"> \u00ab\u00a0Compte rendu\u00a0\u00bb<\/span><\/a><\/p>\n","protected":false},"author":1,"featured_media":0,"parent":0,"menu_order":0,"comment_status":"closed","ping_status":"closed","template":"","meta":[],"_links":{"self":[{"href":"http:\/\/sevenans.org\/index.php\/wp-json\/wp\/v2\/pages\/70"}],"collection":[{"href":"http:\/\/sevenans.org\/index.php\/wp-json\/wp\/v2\/pages"}],"about":[{"href":"http:\/\/sevenans.org\/index.php\/wp-json\/wp\/v2\/types\/page"}],"author":[{"embeddable":true,"href":"http:\/\/sevenans.org\/index.php\/wp-json\/wp\/v2\/users\/1"}],"replies":[{"embeddable":true,"href":"http:\/\/sevenans.org\/index.php\/wp-json\/wp\/v2\/comments?post=70"}],"version-history":[{"count":104,"href":"http:\/\/sevenans.org\/index.php\/wp-json\/wp\/v2\/pages\/70\/revisions"}],"predecessor-version":[{"id":967,"href":"http:\/\/sevenans.org\/index.php\/wp-json\/wp\/v2\/pages\/70\/revisions\/967"}],"wp:attachment":[{"href":"http:\/\/sevenans.org\/index.php\/wp-json\/wp\/v2\/media?parent=70"}],"curies":[{"name":"wp","href":"https:\/\/api.w.org\/{rel}","templated":true}]}}

<p class="has-luminous-vivid-orange-background-color has-background has-medium-font-size"><strong>Réunion du 02 mars 2026</strong> </p>



<p><strong>Etaient présents :</strong></p>



<p>Jean-Luc MAZZOLENI, David GRANDVOINET, Christian MEYER, Jean-Marc MISENTA,<br> André GRISEY, Martine et Alain MONNIER, Étienne CHALAMET, Florian TOURNOUX, <br>Régine et Rémi POINTURIER, Chantal BOUVET, Christian HUOT, Françoise DUBAIL,<br>Maryse LUDWIG, Julie GRANDVOINET, Laetitia BERNARD, Cécile COUTERET-NORMAND.</p>



<p> <strong>Excusée</strong> : <br> Agnès HERB</p>



<p><br></p>



<p><strong>Ordre du jour :</strong></p>



<p>Bilan du loto<br>Bilan de la foire aux livres<br>Marche gourmande 2026<br>Calendrier 2027<br>Divers</p>



<p></p>



<p><strong>1-Bilan du loto</strong><br>Bilan financier :<br>dépenses : 2 399.54 €<br>recettes : 4 998.50 €<br>bénéfice : 2 598.96 € (2 632.80 € en 2025)<br>La qualité de la sono était nettement améliorée par rapport à l’an dernier. Toutefois, de nombreuses personnes se plaignaient de mal entendre. La salle était particulièrement bruyante, avec un bruit de fond permanent.<br><br><strong>2-Bilan de la foire aux livres</strong><br>142 personnes se sont déplacées (- 60 personnes par rapport à 2025). Il a peut-être manqué la parution d’un article dans la presse le dimanche matin comme cela avait été le cas l’année dernière.<br>Le bénéfice s’élève à 804.50 € (résultat des ventes, auquel s’ajoutent quelques dons).<br>Le comité décide d’arrondir la somme à 1 000 € et le chèque sera remis à l’association de l’orgue le samedi 28 mars à 11h à l’église de Bermont.</p>



<p><strong>3-Marche gourmande 2026</strong><br>Une première réunion du comité de pilotage aura lieu le 20 avril à 20h.<br>Nous sommes en attente des propositions de menu du traiteur qui a confirmé le renouvellement de ses prestations.<br>Une réflexion devra être menée quant aux moyens à mettre en oeuvre pour assurer une communication plus efficace.</p>



<p><strong>4-</strong> <strong>Calendrier 2027</strong><br>Loto le 16 janvier 2027<br>Foire aux livres les 20 et 21 février 2027<br>Soirée champêtre ou repas dansant le 29 mai 2027 (date à confirmer)<br>Marche gourmande le 19 septembre 2027<br>Octobre Rose le 16 octobre 2027<br>Soirée Beaujolais le 18 novembre 2027</p>



<p><strong>5-Divers</strong>:<br>Le contrôle des chapiteaux doit être effectué tous les 2 ans donc il est à prévoir cette année.<br>Le président évoque la nécessité de refaire des T-shirts et des vestes sans manches suite à l’arrivée des nouveaux membres du comité. Maryse se charge de demander un devis au prestataire.<br>L’assemblée générale est prévue le vendredi 26 juin à 19h, suivie de la réunion ordinaire.<br>Une demande de subvention municipale sera renouvelée cette année.</p>



<p><br></p>



<p class="has-light-green-cyan-background-color has-background has-medium-font-size"><strong>Prochaine réunion</strong>  :<br><br>                                    Lundi 04 mai à 20h</p>



<ol start="4"></ol>



<ol start="4"></ol>



<ol start="4"></ol>

<p>Réunion du 02 mars 2026 Etaient présents : Jean-Luc MAZZOLENI, David GRANDVOINET, Christian MEYER, Jean-Marc MISENTA, André GRISEY, Martine et Alain MONNIER, Étienne CHALAMET, Florian TOURNOUX, Régine et Rémi POINTURIER, Chantal BOUVET, Christian HUOT, Françoise DUBAIL,Maryse LUDWIG, Julie GRANDVOINET, Laetitia BERNARD, Cécile COUTERET-NORMAND. Excusée : Agnès HERB Ordre du jour : Bilan du lotoBilan de &hellip; </p>
<p class="link-more"><a href="http://sevenans.org/index.php/compte-rendu/" class="more-link">Continue reading<span class="screen-reader-text"> « Compte rendu »</span></a></p>
